mposite number?
False
Is 1065838601 prime?
True
Is 316925249 composite?
False
Is 403080937 a prime number?
False
Is 64269977 a composite number?
False
Is 173206505 composite?
True
Is 23683271 a prime number?
True
Is 39102113 a prime number?
True
Is 3963709 prime?
True
Is 40936087 composite?
True
Is 3732433 a composite number?
False
Is 19518563 composite?
True
Is 27114177 prime?
False
Is 30683051 a composite number?
True
Is 20433689 a prime number?
True
Is 34999303 prime?
True
Is 157847 prime?
False
Is 6667549 a composite number?
True
Is 1609939 prime?
False
Is 5485057 composite?
False
Is 4468273 prime?
True
Is 82129 a prime number?
True
Is 68231165 composite?
True
Is 938501149 a composite number?
True
Is 3250187813 composite?
False
Is 10732549 composite?
True
Is 145018067 a composite number?
True
Is 225548593 a composite number?
False
Is 71217887 prime?
False
Is 13738961 prime?
True
Is 7509113 prime?
False
Is 37630297 a composite number?
False
Is 13231289 prime?
True
Is 5118613 a composite number?
False
Is 12962627 a composite number?
False
Is 459319703 a prime number?
True
Is 1059055 composite?
True
Is 803592887 prime?
False
Is 552219301 a prime number?
True
Is 4582511 composite?
True
Is 39950429 a prime number?
False
Is 29503531 a prime number?
False
Is 155226997 a prime number?
True
Is 2622007 composite?
True
Is 67634611 a composite number?
True
Is 39493589 composite?
True
Is 3342995 prime?
False
Is 8428717 composite?
True
Is 3540223 a prime number?
True
Is 162410909 a composite number?
False
Is 48999 a prime number?
False
Is 11756261 prime?
False
Is 41207997 a composite number?
True
Is 57371579 composite?
False
Is 823016969 prime?
False
Is 14353243 prime?
True
Is 9852802 a prime number?
False
Is 7225067 a prime number?
False
Is 26098603 a prime number?
False
Is 75227501 prime?
True
Is 134489603 composite?
True
Is 1145983 prime?
True
Is 15817447 a prime number?
True
Is 116151547 composite?
True
Is 30061411 composite?
True
Is 568109 a composite number?
False
Is 33086741 prime?
False
Is 2704661 prime?
True
Is 119701849 prime?
True
Is 7136263 prime?
False
Is 570451951 a prime number?
False
Is 332108741 a prime number?
True
Is 1345391 composite?
True
Is 60331 prime?
True
Is 1179241265 composite?
True
Is 31852049 prime?
True
Is 6920687 prime?
False
Is 389675933 a composite number?
True
Is 88570909 a prime number?
False
Is 8818735 a prime number?
False
Is 5191597 composite?
False
Is 580710283 prime?
False
Is 623269931 a composite number?
False
Is 25934609 a composite number?
False
Is 9693295 composite?
True
Is 7481809 prime?
True
Is 42872651 composite?
False
Is 785167 a prime number?
True
Is 229658251 prime?
False
Is 582974659 composite?
True
Is 16747793 composite?
False
Is 2324261 a composite number?
False
Is 17504897 a composite number?
False
Is 21785659 a prime number?
False
Is 474769423 composite?
True
Is 57977453 composite?
False
Is 25662563 prime?
True
Is 2974081 prime?
False
Is 6586147 prime?
True
Is 82799653 composite?
False
Is 7727437 composite?
False
Is 1847051 composite?
False
Is 16771481 prime?
True
Is 113213473 a prime number?
True
Is 38399261 a composite number?
False
Is 319349791 prime?
True
Is 431990605 a composite number?
True
Is 875203 a prime number?
False
Is 3321106 composite?
True
Is 21779161 a composite number?
False
Is 6431981 a prime number?
False
Is 97609713 a composite number?
True
Is 272733207 prime?
False
Is 1461479 composite?
False
Is 13367087 prime?
False
Is 13045717 a prime number?
True
Is 34265333 a composite number?
False
Is 140313779 a prime number?
True
Is 14173403 prime?
False
Is 257533 a prime number?
False
Is 418647079 composite?
False
Is 2024611 a composite number?
False
Is 5219479 composite?
True
Is 57711319 a prime number?
False
Is 9747479 composite?
True
Is 4339697 composite?
False
Is 80723 a composite number?
True
Is 140963569 a prime number?
True
Is 18786089 a composite number?
True
Is 307067 a prime number?
True
Is 160865 a prime number?
False
Is 54497771 prime?
False
Is 7242173 prime?
False
Is 91177829 composite?
True
Is 2343149 a composite number?
True
Is 6801901 a composite number?
True
Is 74609671 prime?
True
Is 32938933 a prime number?
False
Is 971161 composite?
True
Is 956341 a prime number?
True
Is 144879589 composite?
False
Is 6950179 a prime number?
True
Is 3214613 composite?
False
Is 7666423 a prime number?
True
Is 35545163 a composite number?
False
Is 31684817 a composite number?
False
Is 38681707 prime?
False
Is 166475159 prime?
False
Is 85330403 a prime number?
True
Is 32404894 a prime number?
False
Is 2105453 a composite number?
True
Is 202767293 a prime number?
True
Is 3120673 a prime number?
False
Is 435299531 prime?
False
Is 2162519 prime?
False
Is 7761471 composite?
True
Is 1804559 a composite number?
False
Is 7259597 prime?
True
Is 9048755 a composite number?
True
Is 27145949 a prime number?
False
Is 328029593 composite?
False
Is 80054597 composite?
True
Is 21366803 composite?
False
Is 92219 a prime number?
True
Is 268907455 a prime number?
False
Is 126233515 prime?
False
Is 665714213 a composite number?
True
Is 264441482 prime?
False
Is 549397 composite?
True
Is 1092083 composite?
True
Is 260769289 prime?
False
Is 27317489 composite?
True
Is 5146567 a composite number?
False
Is 1507469 a prime number?
True
Is 27520163 a prime number?
False
Is 81255037 a composite number?
False
Is 2801219 composite?
False
Is 10570831 a composite number?
False
Is 13427779 a composite number?
True
Is 6699059 prime?
True
Is 13286461 prime?
True
Is 93885817 a composite number?
False
Is 4373305 a prime number?
False
Is 1640523 prime?
False
Is 39927851 prime?
True
Is 44581517 a prime number?
False
Is 44316281 composite?
False
Is 2873417 prime?
True
Is 84641 a prime number?
False
Is 3176053 a prime number?
True
Is 385435459 prime?
True
Is 35383911 a prime number?
False
Is 72094681 composite?
True
Is 245754409 a composite number?
True
Is 3565201 a prime number?
False
Is 149557 a prime number?
False
Is 20902106 prime?
False
Is 6421777 a composite number?
False
Is 3975369 composite?
True
Is 9644581 prime?
False
Is 19175857 composite?
True
Is 16141927 a prime number?
False
Is 31370839 composite?
False
Is 14717135 a prime number?
False
Is 244902161 a prime number?
False
Is 639167 composite?
False
Is 101765737 composite?
True
Is 11533021 composite?
True
Is 7734382 a composite number?
True
Is 443437717 composite?
False
Is 64628797 a prime number?
True
Is 79496619 a composite number?
True
Is 68983861 composite?
False
Is 136613093 composite?
False
Is 508219 a prime number?
False
Is 1321939 prime?
True
Is 46764989 a composite number?
False
Is 5180569 composite?
False
Is 13254889 a prime number?
True
Is 8372999 composite?
False
Is 620006902 composite?
True
Is 46283669 prime?
False
Is 606299 composite?
False
Is 7447277 a composite number?
False
Is 3874931 prime?
False
Is 297121 a composite number?
True
Is 483079 prime?
False
Is 152135 a composite number?
True
Is 14277089 composite?
True
Is 4214127 a composite number?
True
Is 6140023 composite?
False
Is 5987339 composite?
False
Is 124465697 a prime number?
True
Is 4438711 a composite number?
True
Is 451739 a prime number?
False
Is 24235447 prime?
True
Is 3477091 prime?
True
Is 50030663 composite?
False
Is 66038831 prime?
True
Is 26036117 a prime number?
False
Is 75242891 a prime number?
True
Is 18934633 a prime number?
False
Is 1347019 a composite number?
False
Is 29437007 prime?
True
Is 70328071 prime?
False
Is 684574523 prime?
False
Is 83533211 composite?
False
Is 36466727 a composite number?
True
Is 10542509 composite?
True
Is 17816683 composite?
False
Is 2520313 a prime number?
True
Is 11222427 prime?
False
Is 98509507 composite?
True
Is 330479 prime?
False
Is 192887963 composite?
True
Is 49900003 composite?
False
Is 20008069 a composite number?
True
Is 91480918 composite?
True
Is 6226769 a prime number?
True
Is 7602607 a prime number?
False
Is 6201913 prime?
False
Is 2379605 composite?
True
Is 302747 a prime number?
True
Is 8864263 a prime number?
False
Is 3971963 a prime number?
True
Is 40978657 a composite number?
False
Is 143388859 a prime number?
False
Is 125292203 a prime number?
True
Is 115829953 prime?
True
Is 1892503 a composite number?
False
Is 189084